of 1288 and 103090232?
1288
Calculate the highest common factor of 21887650 and 400.
50
What is the highest common factor of 30533988 and 12?
12
Calculate the greatest common divisor of 111629 and 26025073.
431
What is the greatest common divisor of 610646 and 4?
2
What is the highest common factor of 219647871 and 51?
51
Calculate the greatest common divisor of 710474946 and 978.
978
Calculate the greatest common divisor of 2730002 and 484.
242
Calculate the greatest common factor of 683985 and 945.
15
Calculate the greatest common divisor of 360 and 99585.
45
What is the highest common divisor of 600 and 10386960?
120
Calculate the greatest common divisor of 3394 and 1351265099.
1697
What is the greatest common divisor of 1193297 and 99329?
71
What is the greatest common divisor of 510 and 137944460?
170
What is the greatest common divisor of 864 and 3315776?
32
What is the highest common factor of 2963135784 and 8868?
8868
What is the highest common divisor of 2052 and 6581868?
12
What is the highest common factor of 15858 and 544915239?
2643
Calculate the highest common divisor of 18621190 and 14210.
2030
Calculate the highest common divisor of 1063 and 19298765.
1063
Calculate the highest common divisor of 56743 and 537.
179
What is the greatest common divisor of 1234 and 58623638?
1234
What is the highest common factor of 16608 and 4961121?
519
What is the highest common factor of 135960 and 1045965?
1545
Calculate the highest common factor of 82202829 and 2043.
681
Calculate the greatest common divisor of 2364 and 6684801.
591
Calculate the highest common factor of 137360 and 6993341.
1717
What is the highest common divisor of 80244 and 1332?
36
Calculate the greatest common divisor of 8 and 6468628.
4
What is the highest common factor of 8887086 and 652?
326
What is the greatest common factor of 122483672 and 16?
8
What is the highest common divisor of 12090390 and 1170?
390
Calculate the greatest common factor of 1358588 and 9604.
28
What is the greatest common factor of 507940 and 29648?
436
Calculate the highest common factor of 763752 and 9438.
726
What is the highest common factor of 16263 and 143793?
117
Calculate the highest common factor of 33867 and 3195.
639
Calculate the highest common divisor of 2229192 and 1484.
28
What is the greatest common divisor of 691305 and 155?
5
Calculate the greatest common divisor of 1445151762 and 18.
18
What is the highest common factor of 232309185 and 15489?
5163
Calculate the highest common divisor of 60 and 372550.
10
What is the highest common factor of 12653448 and 6672?
3336
What is the highest common divisor of 2040 and 52599720?
120
Calculate the greatest common divisor of 21467714 and 2204.
58
What is the highest common divisor of 169200 and 5852400?
1200
Calculate the greatest common divisor of 3783398 and 51578.
3034
What is the greatest common factor of 92220 and 66265?
145
What is the greatest common factor of 89 and 8624723?
89
What is the greatest common factor of 57 and 4464373?
19
What is the greatest common divisor of 195063456 and 42?
42
Calculate the highest common divisor of 65 and 45024265.
65
What is the greatest common factor of 1640 and 13782232?
328
What is the greatest common factor of 270373 and 19706?
167
Calculate the greatest common factor of 53463 and 222135.
753
Calculate the greatest common divisor of 32039 and 405562.
199
What is the greatest common divisor of 24185883 and 2037?
291
Calculate the highest common factor of 57022 and 15274.
14
Calculate the greatest common divisor of 204 and 1413006.
102
Calculate the highest common factor of 2049 and 26669101.
683
Calculate the highest common factor of 18072 and 7389189.
2259
What is the greatest common divisor of 20886 and 419136?
354
What is the greatest common divisor of 3048462 and 20?
2
Calculate the greatest common divisor of 13048 and 14408720.
1864
What is the highest common divisor of 17264550 and 50?
50
Calculate the highest common divisor of 125711536 and 2832.
944
Calculate the greatest common factor of 24492 and 435588.
12
What is the highest common divisor of 4389 and 5102526?
627
What is the greatest common factor of 710079 and 1599?
123
Calculate the highest common divisor of 26617 and 20253.
43
Calculate the greatest common factor of 590 and 391656042.
118
Calculate the highest common factor of 9729512 and 4.
4
What is the greatest common divisor of 23937 and 995961?
303
What is the highest common factor of 36570 and 8019801?
3657
Calculate the highest common divisor of 279 and 46996682.
31
What is the greatest common divisor of 110 and 15730605?
55
What is the highest common divisor of 1860 and 1851900?
60
Calculate the greatest common factor of 155540 and 44240.
140
Calculate the greatest common factor of 569 and 44565787.
569
Calculate the greatest common factor of 1265 and 702857.
23
Calculate the greatest common factor of 567 and 484519266.
189
Calculate the greatest common factor of 31288286 and 718.
718
What is the greatest common factor of 38809 and 21079?
197
Calculate the greatest common divisor of 586896 and 816.
48
What is the highest common factor of 10367392 and 1085?
217
Calculate the greatest common factor of 410 and 324520535.
205
What is the greatest common divisor of 219108491 and 7?
7
What is the greatest common divisor of 12208152 and 14826?
2118
Calculate the highest common factor of 51415 and 228725.
35
What is the greatest common divisor of 6856829 and 27853?
161
What is the highest common divisor of 70616 and 2537808?
728
What is the greatest common factor of 533254602 and 6?
6
Calculate the greatest common factor of 1143359 and 56.
7
What is the highest common factor of 29824 and 26745604?
932
What is the greatest common divisor of 20813520 and 42?
42
What is the greatest common divisor of 324961 and 467801?
3571
What is the greatest common divisor of 26003780 and 76?
76
Calculate the greatest common factor of 93 and 632120969.
31
What is the highest common factor of 22039957 and 1771?
23
Calculate the highest common divisor of 18 and 142476606.
18
Calculate the highest common factor of 20 and 170352890.
10
Calculate the greatest common divisor of 10088 and 329888.
104
What is the highest common divisor of 25013772 and 82852?
7532
What is the greatest common factor of 17572519 and 4031?
139
What is the highest common factor of 30118834 and 43?
43
What is the highest common factor of 11 and 201714062?
11
Calculate the highest common divisor of 22560 and 1176645.
705
Calculate the highest common divisor of 77 and 152965164.
11
What is the greatest common divisor of 3227940 and 17865?
45
What is the greatest common factor of 603973 and 3689?
31
What is the highest common divisor of 116605467 and 594?
297
What is the greatest common divisor of 7933751 and 7270?
727
What is the greatest common factor of 77 and 3445813?
7
Calculate the highest common factor of 2016 and 110006064.
1008
Calculate the highest common factor of 2506 and 10416189.
1253
What is the highest common factor of 39 and 28106598?
39
Calculate the highest common factor of 2330 and 18906785.
1165
What is the greatest common factor of 66263 and 7745066?
1541
What is the greatest common factor of 246468574 and 22?
22
Calculate the highest common divisor of 6 and 90057156.
6
Calculate the greatest common divisor of 30135 and 11585.
35
What is the highest common factor of 898515 and 85485?
615
What is the greatest common factor of 23817732 and 24672?
3084
What is the highest common factor of 163 and 4037021?
163
Calculate the greatest common divisor of 669 and 110348874.
669
What is the greatest common factor of 643700 and 114767?
157
What is the greatest common divisor of 58098040 and 91?
91
Calculate the greatest common divisor of 200835467 and 54362.
2471
What is the greatest common factor of 230 and 32990610?
10
What is the greatest common divisor of 10946 and 17712312?
842
Calculate the greatest common factor of 638990896 and 4240.
848
What is the highest common divisor of 5658651 and 53?
53
Calculate the highest common factor of 2166 and 1169982.
114
Calculate the highest common divisor of 22678 and 52442382.
986
Calculate the highest common factor of 270460289 and 242.
121
Calculate the highest com